23197
Let l(r) = r - 31. Let h be l(-7). Let x = 48 + h. Suppose 12*m = x*m + 192. What are the prime factors of m?
2, 3
Suppose -70*g = 10867 - 40687. List the prime factors of g.
2, 3, 71
Let c be 10/(-8) + 425/20. What are the prime factors of 2 + (1/(-5) - (-15384)/c)?
3, 257
Let f(w) = 120*w**2 - 22*w - 46. List the prime factors of f(-6).
2, 2203
Let d = 37 - 40. Let b = 237 - d. What are the prime factors of b?
2, 3, 5
What are the prime factors of ((-20)/240*-18)/(3/36248)?
2, 23, 197
Suppose 4*u - 1 = 3. Suppose u = z - 1, 0 = -4*n + z + 50. Suppose -3*v = -230 - n. What are the prime factors of v?
3
Let v be (-3)/3*34 - (1 - 3). Let x = -24 + v. Let f = 137 + x. List the prime factors of f.
3
Let m = 3866 + -872. Suppose m = -13*f + 19*f. List the prime factors of f.
499
Suppose -30*g + 33*g + 888 = 0. Let p = -423 - g. Let q = p + 172. What are the prime factors of q?
3, 5
Let k(p) = 17 + 26 - 71 + p + 7*p**2. Let y be k(6). Let m = -161 + y. List the prime factors of m.
3, 23
What are the prime factors of (-114257)/(-94) - (3/6 + (-3 - -1))?
1217
Let x be -5*((-2)/(-1) + -1 + 0). Let a be 1 - 0 - (-5)/x. Suppose 3*l - 10 - 2 = a, 24 = 2*z - 4*l. What are the prime factors of z?
2, 5
Let n(d) = -160*d + 886. List the prime factors of n(1).
2, 3, 11
Suppose 0*a = -a + 669. Let t = a - 62. List the prime factors of t.
607
Let o be (-2)/(-6) - 356/(-3). Suppose 4*y + 542 = 2*a, -5*y + 634 = 2*a + 47. Let s = a - o. List the prime factors of s.
2, 3
Suppose 4*u - 5*a + 4 = -21, 25 = u + 5*a. Suppose u = -3*c + l - 0*l + 557, -2*l = c - 188. Let t = c - -68. List the prime factors of t.
2, 127
Suppose 18*p - 847576 = -28*p - 7*p. What are the prime factors of p?
2, 1999
Let l = 73 + -53. Let t = 23 - l. Suppose -231 = -3*p + t*s, -2*p - 67 = -3*p + 3*s. What are the prime factors of p?
2, 41
Suppose -5*z + 131*t = 135*t - 34957, -3*z + 20987 = -4*t. List the prime factors of z.
3, 7, 37
Let n = -1512 - -2674. Let s = -822 + n. List the prime factors of s.
2, 5, 17
Suppose 57*l + 6*l = 37*l + 34476. List the prime factors of l.
2, 3, 13, 17
Let d(l) = 15*l**2 + 9*l + 61. Let o be d(-5). Let n = o + 119. What are the prime factors of n?
2, 3, 5, 17
Let t be (-2 - 19 - 5) + 3. Let b(u) = u**2 + 22*u - 22. Let l be b(t). What are the prime factors of 84 - 3 - (l - 3)?
83
Let v(i) = -24*i**3 + 9*i**2 + 24*i - 263. List the prime factors of v(-14).
67021
Suppose a = 15*i - 12*i + 735, 4*a = 3*i + 2913. List the prime factors of a.
2, 3, 11
Let p(y) = 22*y + 33. Let t be 70/4*(-9 - -11). What are the prime factors of p(t)?
11, 73
Let r(b) be the first derivative of -4 - 3/2*b**2 + 37*b. List the prime factors of r(-21).
2, 5
Let m(g) be the third derivative of 0*g + 5/6*g**3 - 13/24*g**4 + 1/12*g**5 + g**2 + 0. List the prime factors of m(6).
107
Suppose -4*v + 1293 = 4745. What are the prime factors of 0 - -4 - (81/(-9) + v)?
2, 3, 73
Suppose -9*d = -5*d + 5*x - 80199, -5*x - 5 = 0. What are the prime factors of d?
20051
Let a = 4 + -6. Let i = -233 + 172. Let k = a - i. List the prime factors of k.
59
Suppose -5*i = 365 - 5. Let k = i - -76. Suppose 2*r - w - w - 414 = 0, 0 = k*r - 5*w - 830. What are the prime factors of r?
5, 41
Let p(b) = 3*b**2 - 5 + 55*b - 54*b + 3. Let n be p(2). Suppose -10*m - 152 = -n*m. What are the prime factors of m?
2, 19
Let r = 9156 - -26834. List the prime factors of r.
2, 5, 59, 61
What are the prime factors of -3*(-40)/(-180)*-51198?
2, 7, 23, 53
Suppose 154*l - 147*l = 168. Suppose -2415 = -l*w + 17*w. List the prime factors of w.
3, 5, 23
Suppose -4*d + 2*n = -48, 0 = d + d + 2*n - 12. Let j be (12/d)/((-2)/(-5)). List the prime factors of 6/(-9)*-19*j.
2, 19
Let r(o) = 3152*o + 113 - 5844*o + 3022*o. List the prime factors of r(3).
1103
Let u = 303 - -2256. Let k = u + -974. What are the prime factors of k?
5, 317
Suppose 12 = 7*y - 4*y. Suppose c - y*c - 3*r = -477, -3*c = r - 473. Suppose -3*j + c + 131 = 0. List the prime factors of j.
2, 3
Let b(d) be the second derivative of d**5/20 + d**4 - d**3/6 - 25*d**2/2 + 2*d. Let x = -1233 - -1222. What are the prime factors of b(x)?
107
Let a(x) = 3*x**2 - 3*x - 3. Let c(d) = -d**2 - 11*d - 28. Let z be c(-6). Suppose -2*p - 5*j + 6 = 0, z*j + 44 = 4*p + p. List the prime factors of a(p).
3, 5, 11
Suppose -180*n = -91*n - 78*n - 158950. What are the prime factors of n?
2, 5, 17
Suppose -q = -4*q - 3*c + 30, -4*q + 40 = c. Let m = -189 - -594. Suppose -5*h - m = -q*h. List the prime factors of h.
3
Suppose 0*m - 44 = 4*m. Let a(l) be the second derivative of l**4/12 - 13*l**3/6 - 3*l**2/2 - 2*l + 109. List the prime factors of a(m).
3, 29
Let n(h) = -33*h - 254. Let x be n(-6). List the prime factors of ((-90)/24 + -4)*x.
2, 7, 31
Let b be 3/((-25)/(-40) + -1). What are the prime factors of (27 - -52)*b/(-1)?
2, 79
Let n = -186 - -386. Let b = 293 - n. Let l = 250 - b. What are the prime factors of l?
157
Suppose -5*q + 37 = 4*g, -3*g - q = -5 - 9. Suppose -4*p + 12 = -240. Suppose -4*l - a + p = 0, g*a - a - 6 = 0. List the prime factors of l.
3, 5
List the prime factors of 11 - 1 - (105 + -101) - -26878.
2, 11, 13, 47
Suppose 0 = -3*d - p + 44210, -5*d - 4*p = 3*d - 117900. List the prime factors of d.
5, 7, 421
List the prime factors of 15 - 17 - (-6116 - (-5)/(-5)).
5, 1223
Let w = 7 + -3. Suppose 3*k - y + 0*y - 6 = 0, 2 = k - w*y. Suppose -k*g - 2*d - 5 = 3*d, 22 = 5*g + d. List the prime factors of g.
5
Let k = 16 + -8. Let i(x) = -x**2 + 11*x - 4. Let t be i(k). Suppose -4*g + t + 612 = 0. What are the prime factors of g?
2, 79
Let p(l) = 10*l**2 - 17 - 6*l**2 - 3*l**2. Let b be p(-4). Let w = b + 98. What are the prime factors of w?
97
Suppose 0 = -b + 544 - 548. What are the prime factors of ((-30)/8)/(-3 + (-9)/b)?
5
Let r(q) = -53*q + 12. Let d = -17 + 2. Let z be 26/(-8) + d/(-12). What are the prime factors of r(z)?
2, 59
Let k = 33 + -40. Let s be 1/k - (-144)/28. Suppose 2*a + l - 17 = -a, -25 = -3*a - s*l. List the prime factors of a.
5
What are the prime factors of 4 + ((-32)/(-14))/((-26)/(-216671))?
2, 11, 433
Let x(k) = -19*k + 14*k + 0 - 17. Let w be x(-5). List the prime factors of w*(-4)/8 - -123.
7, 17
Suppose 106*w + 3*h - 4458 = 103*w, 5*w - 7448 = 4*h. What are the prime factors of w?
2, 3, 31
Let n(o) = 3*o**2 + 19*o + 18. What are the prime factors of n(-17)?
2, 281
Suppose 5*l = -2*x + 161, x - 5*l = -x + 151. List the prime factors of x.
2, 3, 13
Suppose -98*f - 46*f + 306010 = -2*f. List the prime factors of f.
5, 431
Let k(s) = -3*s**3 - 23*s**2 + 9*s + 11. Let b be k(-8). What are the prime factors of -1 + -2 - b - -506?
2, 5
Suppose -8506 = -13*c + 54111 + 1707. List the prime factors of c.
2, 1237
Suppose -9*p + 3*p = -10*p + 30664. What are the prime factors of p?
2, 3833
Suppose -k = 4*t - t - 66, -3*t + 174 = 3*k. Let s = k - -172. List the prime factors of s.
2, 113
Let d = -11431 + 19111. List the prime factors of d.
2, 3, 5
Let g = 32 - 45. Let o(u) = -28*u - 158. List the prime factors of o(g).
2, 103
Let l = 6720 - 5372. List the prime factors of l.
2, 337
Suppose -2*l + 83*i = 79*i + 2050, 0 = 4*i - 8. Let n = l + 1756. List the prime factors of n.
3, 5, 7
Let b = 38826 - 20609. What are the prime factors of b?
18217
Let d(z) = -161*z + 302*z - 2 - 187*z. Let p be 1/(0 - 1) + -2. List the prime factors of d(p).
2, 17
Suppose f - 2*f + 4 = 5*r, 4*r - 8 = -2*f. Suppose -m - 3*z = 2*z - 462, 5*z - 1863 = -f*m. List the prime factors of m.
467
Suppose -a = -4*v - 3491, 1442 = 2*a + 2*v - 5530. Suppose 2820 = 4*r - 5*s, -a = -5*r + 3*s + 25. List the prime factors of r.
2, 5, 7
Let h = 15 - 32. Let f = h + 27. Let s = 24 - f. What are the prime factors of s?
2, 7
Suppose 4*m + 13 = -3*p + 5, -5*p + 3*m + 6 = 0. Suppose p = 2*b - 16*b + 700. What are the prime factors of b?
2, 5
Let y = -123 + 123. Let g be (y - 3) + 1/(2/6). Let v(p) = -2*p**2 + 123. List the prime factors of v(g).
3, 41
Suppose 14*d - 10 = 19*d, -5*d - 9856 = -3*v. What are the prime factors of v?
2, 3, 547
Let p(x) = -50*x - 20. Let a(m) = 25*m + 10. Let o be (20 + -23)*((-14)/(-6) + -1). Let n(u) = o*p(u) - 9*a(u). What are the prime factors of n(-3)?
5, 13
Let g(p) = -4*p**2 - 8*p. Let h be g(-4). List the prime factors of (-22224)/h*(-4)/(-6)